
Is 172141 a composite number?
True
Is 34211 prime?
True
Is 136769 prime?
True
Is 3427 composite?
True
Is 338901 prime?
False
Is 18517 composite?
False
Is 170383 prime?
True
Is 2389 composite?
False
Is 342103 composite?
True
Is 306701 prime?
True
Is 381659 a composite number?
False
Is 64951 a composite number?
False
Is 403201 prime?
False
Is 12346 composite?
True
Is 647727 a prime number?
False
Is 122639 a composite number?
True
Is 77189 a composite number?
True
Is 16327 a prime number?
False
Is 952249 composite?
True
Is 51001 prime?
True
Is 28639 composite?
True
Is 31677 a prime number?
False
Is 20011 prime?
True
Is 45911 prime?
False
Is 444694 composite?
True
Is 6817 a composite number?
True
Is 2565407 prime?
False
Is 3898 a prime number?
False
Is 4803815 a composite number?
True
Is 700267 a prime number?
False
Is 18481 a prime number?
True
Is 12677 a composite number?
True
Is 3109 a prime number?
True
Is 41887 a prime number?
True
Is 574003 a composite number?
False
Is 1146541 a prime number?
False
Is 120277 composite?
False
Is 241341 prime?
False
Is 105601 a composite number?
False
Is 60321 composite?
True
Is 19081 prime?
True
Is 8141 a composite number?
True
Is 52651 a prime number?
False
Is 78005 composite?
True
Is 1062739 a composite number?
True
Is 35761 a prime number?
False
Is 13963 a composite number?
False
Is 114271 prime?
False
Is 24733 prime?
True
Is 643369 prime?
True
Is 5241 composite?
True
Is 11303 a composite number?
True
Is 1049 prime?
True
Is 28687 a prime number?
True
Is 144038 composite?
True
Is 482537 prime?
False
Is 467 composite?
False
Is 102119 prime?
False
Is 67679 a composite number?
False
Is 34819 a prime number?
True
Is 19013 a prime number?
True
Is 953 a composite number?
False
Is 58963 a composite number?
False
Is 46933 composite?
False
Is 598487 a composite number?
False
Is 153193 a composite number?
True
Is 1339645 composite?
True
Is 55793 a composite number?
False
Is 111 a prime number?
False
Is 28051 prime?
True
Is 110021 a prime number?
False
Is 87481 a prime number?
True
Is 103079 composite?
False
Is 257 a composite number?
False
Is 28643 prime?
True
Is 96647 a prime number?
False
Is 986189 a composite number?
False
Is 77681 a prime number?
True
Is 56963 a prime number?
True
Is 459133 a prime number?
False
Is 10029 prime?
False
Is 607577 composite?
True
Is 44309 a composite number?
True
Is 1022317 a composite number?
True
Is 6607 a prime number?
True
Is 1249 composite?
False
Is 7793 prime?
True
Is 91121 prime?
True
Is 164173 a prime number?
True
Is 107699 a composite number?
False
Is 8269 a composite number?
False
Is 16781 prime?
False
Is 13085 prime?
False
Is 562505 a prime number?
False
Is 88957 prime?
False
Is 81611 prime?
True
Is 5297 a prime number?
True
Is 11579 composite?
False
Is 38765 a composite number?
True
Is 472487 composite?
True
Is 523297 composite?
False
Is 1319951 composite?
False
Is 4861 a prime number?
True
Is 1457 a composite number?
True
Is 96637 composite?
True
Is 13499 a composite number?
False
Is 18433 composite?
False
Is 446041 prime?
True
Is 363119 a composite number?
False
Is 622135 a composite number?
True
Is 291143 composite?
False
Is 71587 prime?
False
Is 71317 prime?
True
Is 1885469 composite?
False
Is 17553 prime?
False
Is 1471 prime?
True
Is 6029 composite?
False
Is 31063 a prime number?
True
Is 55855 a prime number?
False
Is 11381 a prime number?
False
Is 48511 a prime number?
False
Is 19441 a composite number?
False
Is 3545 a composite number?
True
Is 156049 prime?
False
Is 25867 a composite number?
False
Is 11864551 prime?
True
Is 121523 a composite number?
False
Is 156551 composite?
True
Is 116111 composite?
True
Is 928097 prime?
True
Is 175699 composite?
False
Is 19739 prime?
True
Is 32023 a prime number?
False
Is 35879 composite?
False
Is 1180349 a prime number?
False
Is 13565 composite?
True
Is 25163 composite?
False
Is 39499 composite?
False
Is 8999 composite?
False
Is 167537 prime?
True
Is 6689 prime?
True
Is 3163 a prime number?
True
Is 68957 composite?
True
Is 1797 a composite number?
True
Is 75535 a prime number?
False
Is 6619 a prime number?
True
Is 49757 prime?
True
Is 2122 a composite number?
True
Is 235109 prime?
False
Is 26002 composite?
True
Is 6483 composite?
True
Is 31469 a prime number?
True
Is 2574203 composite?
False
Is 255593 a composite number?
True
Is 406423 composite?
False
Is 5839 composite?
False
Is 56861 a prime number?
False
Is 13313 a prime number?
True
Is 90323 prime?
False
Is 51873 composite?
True
Is 542683 a composite number?
False
Is 12898 a prime number?
False
Is 27023 composite?
True
Is 514622 a composite number?
True
Is 111047 a prime number?
False
Is 1080661 composite?
False
Is 6049 composite?
True
Is 1865 a prime number?
False
Is 22189 a composite number?
False
Is 709 a prime number?
True
Is 5021 a composite number?
False
Is 342593 composite?
False
Is 11127 a composite number?
True
Is 433229 a prime number?
True
Is 261149 a composite number?
True
Is 85385 a prime number?
False
Is 2741 a composite number?
False
Is 6313 composite?
True
Is 591673 a composite number?
False
Is 45685 composite?
True
Is 6077 composite?
True
Is 98799 a composite number?
True
Is 643583 a prime number?
True
Is 31387 a prime number?
True
Is 79291 a composite number?
True
Is 6997 a prime number?
True
Is 54181 a prime number?
True
Is 8261 prime?
False
Is 9613 prime?
True
Is 39089 a prime number?
True
Is 147386 prime?
False
Is 87706 a prime number?
False
Is 46783 prime?
False
Is 3238321 a prime number?
False
Is 8033 a prime number?
False
Is 25687 a prime number?
False
Is 7411 composite?
False
Is 175327 composite?
False
Is 129491 composite?
False
Is 1521757 prime?
True
Is 2449 composite?
True
Is 10847 a composite number?
False
Is 24251 prime?
True
Is 17341 composite?
False
Is 245339 composite?
False
Is 37034 a prime number?
False
Is 29411 a composite number?
False
Is 4467 prime?
False
Is 60773 prime?
True
Is 5656921 a prime number?
True
Is 19529 a prime number?
False
Is 181183 a composite number?
False
Is 83339 composite?
False
Is 31769 a composite number?
False
Is 72677 a composite number?
True
Is 1889 composite?
False
Is 108646 a composite number?
True
Is 20245 composite?
True
Is 331 prime?
True
Is 1260017 a prime number?
False
Is 389467 prime?
False
Is 12791 prime?
True
Is 593051 a composite number?
False
Is 65167 a prime number?
True
Is 26449 a composite number?
False
Is 100583 prime?
False
Is 41507 composite?
False
Is 1723939 composite?
True
Is 6947 a prime number?
True
Is 272549 a prime number?
True
Is 236101 a prime number?
False
Is 22642 composite?
True
Is 218887 a prime number?
True
Is 66327 composite?
True
Is 41527 prime?
False
Is 328543 a composite number?
False
Is 466283 a prime number?
True
Is 5270171 a composite number?
False
Is 610397 a composite number?
True
Is 1709 composite?
False
Is 17399 composite?
True
Is 1159303 prime?
True
Is 1657399 a composite number?
False
Is 767135 prime?
False
Is 1169717 composite?
True
Is 3763 a composite number?
True
Is 38993 composite?
False
Is 354799 a composite number?
False
Is 62711 a composite number?
True
Is 75903 prime?
False
Is 135241 prime?
True
Is 581477 prime?
False
Is 1283 a composite number?
False
Is 92609 a prime number?
False
Is 136207 prime?
True
Is 295513 a composite number?
False
Is 4271 prime?
True
Is 6907 prime?
True
Is 1371 a composite number?
True
Is 1345345 composite?
True
Is 51605 composite?
True
Is 1638547 a composite number?
False
Is 7963 prime?
True
Is 100117 a composite number?
True
Is 93371 prime?
True
Is 1439 composite?
False
Is 19666 prime?
False
Is 106553 prime?
False
Is 1252861 a composite number?
True
Is 45781 a prime number?
False
Is 284777 prime?
True
Is 21281 composite?
True
Is 164137 a prime number?
False
Is 864571 a prime number?
False
Is 273551 a composite number?
False
Is 183503 composite?
False
Is 323189 a composite number?
True
Is 24169 prime?
True
Is 20159 composite?
True
Is 602377 a composite number?
False
Is 588433 a composite number?
False
Is 473 composite?
True
Is 53891 a prime number?
True
Is 641 composite?
False
Is 5381 a composite number?
False
Is 95371 composite?
True
Is 155797 prime?
True
Is 605783 a composite number?
True
Is 5141 prime?
False
Is 37159 prime?
Tr